= a**3 + a**2. Let p(l) = -5*l**3 - 11*l**2 + 3*l + 8. Let m(w) = -p(w) - 4*z(w). What is the units digit of m(-7)?
3
Let r(s) = -s**2 + 4*s + 4. Let u be ((-1)/2)/((-5)/30). What is the units digit of r(u)?
7
Let w = -19 - -1. Let k = -7 - w. What is the units digit of k?
1
Suppose -3*k + 7 = -5. Let m(d) = -d**3 + 8*d**2 - 3*d + 4. Let v(y) = 2*y**3 - 15*y**2 + 6*y - 8. Let j(c) = -5*m(c) - 3*v(c). What is the units digit of j(k)?
8
Suppose 3*f = -3 - 3. What is the tens digit of (-3 - -2 - f) + 10?
1
What is the units digit of (7/(-14))/((-1)/114)?
7
Suppose -5 + 0 = -q. Suppose 0 = q*o - 60 - 5. Suppose -2*b = -3 - o. What is the units digit of b?
8
What is the units digit of (-75)/(-2) + (-1)/2?
7
Suppose 3*a + 27 = 5*b, 3*a + 4*b + 3 = b. Let y be a/6 + (-30)/9. Let x = -1 - y. What is the units digit of x?
3
Let t = -14 - -6. Let g be (-3)/12 - 122/t. Suppose 2*o = -5*m + g, -2*o = m - o - 3. What is the units digit of m?
3
Let s = 7 + -11. Let t(j) = -j**3 - 4*j**2 - 6*j - 7. What is the units digit of t(s)?
7
Let o = -12 + 30. Suppose 0*q - 3*q - o = 0. Let a = q - -14. What is the units digit of a?
8
Suppose 42*p - 78 = 39*p. What is the tens digit of p?
2
Suppose 2*l - 98 + 34 = 0. What is the units digit of l?
2
Let c(n) = -11*n - 65. What is the units digit of c(-34)?
9
Let g = -12 + 18. Suppose -190 - g = -4*u. Suppose -15 = 2*h - u. What is the units digit of h?
7
Let l = -27 - -56. What is the units digit of l?
9
Let v = 93 + -52. What is the tens digit of v?
4
Suppose w - 4*p + 8 = 0, 2*w - 91 = 7*w - 3*p. What is the units digit of (-1)/(w/6 + 3)?
3
Let r = -40 - -241. What is the hundreds digit of r?
2
Suppose 2*j + 2*y - 14 = 0, 18 = 2*j + j + 2*y. Suppose -4*l = -11 - 1. Let x = j - l. What is the units digit of x?
1
Let o = 0 - 1. Let k be 1/((o + -2)/(-54)). Suppose -2*q + 16 = -4*l + 2, 3*q - 3*l - k = 0. What is the units digit of q?
5
What is the tens digit of (-10 - -11) + 57*1?
5
Let x(n) = 7*n**2 - 6*n + 1. What is the units digit of x(3)?
6
Let p(c) = c**2 - 8*c - 5. What is the tens digit of p(12)?
4
Suppose 240 = 5*u - 4*n, 0 = -5*u - n - 2*n + 275. What is the units digit of u?
2
Let f = 130 + -64. What is the tens digit of f?
6
Let k = 280 + -111. What is the tens digit of k?
6
Let f be (28/3)/(7/(-21)). Let r = -17 - f. Let g = -5 + r. What is the units digit of g?
6
Let t = -39 + 159. What is the tens digit of t?
2
What is the tens digit of (3 - (-2)/(-4))*1504/20?
8
Let y = 18 + -7. What is the tens digit of y?
1
Suppose -4*o + 308 = 56. Suppose -2*h = h - o. What is the tens digit of h?
2
Let j be 0 + 3/6*0. Suppose 5*a + j*a = -10. Let w = a + 8. What is the units digit of w?
6
Let b(m) = m**3 - 7*m**2 - 7*m - 2. Suppose 0 = 5*v - 0*v + 160. Let s be 9/6*v/(-6). What is the units digit of b(s)?
6
Suppose -5*y = -21 + 81. Let f = y + 7. Let z = -4 - f. What is the units digit of z?
1
Suppose 0*t + 5*t = 5*s - 475, -4*t + 372 = 4*s. What is the units digit of s?
4
Suppose 352 = 3*f + 4*z, 7*f + 2*z = 2*f + 596. What is the tens digit of f?
2
What is the hundreds digit of (1/2)/(13/5642)?
2
Let z = -7 + 10. Suppose 0 = -z*r - 6, -5*o = -0*o + 4*r + 38. Let w(n) = n**2 + 4*n - 7. What is the units digit of w(o)?
5
Suppose -283 = -9*s + 284. What is the units digit of s?
3
Let h = -13 - -15. What is the units digit of (2 - h) + -1 - -14?
3
Let j = 10 + -7. Suppose -1 = -j*a + 26. What is the units digit of a?
9
Suppose -l + 40 = n - 6*l, -4*n = 5*l - 60. Suppose 2*y - n = 22. What is the units digit of y?
1
Let t = -10 - -4. Let m(v) be the first derivative of v**3/3 + 7*v**2/2 + 9*v + 2. What is the units digit of m(t)?
3
Let u(y) = 8*y - 12. Let o be u(5). Suppose f - 45 = -5*k - 4*f, o = 2*k - 3*f. What is the tens digit of k?
1
Suppose -5*k = -53 - 57. Suppose 3*v = s + 4*s - 15, 0 = 5*s - 5*v - 15. Suppose t + k = s*t. What is the tens digit of t?
1
Let t = -41 + 20. Let h = -18 + 5. Let p = h - t. What is the units digit of p?
8
What is the units digit of 149*6/4*(-4)/(-6)?
9
What is the units digit of ((-3)/((-9)/(-4)))/((-4)/54)?
8
Suppose 0 = -3*v + 27 - 9. Let p(l) = l**3 - 5*l**2 - 5*l + 3. What is the units digit of p(v)?
9
Let o be (-2)/(1 + (-49)/47). Let j = -17 + o. Suppose -j = -5*i + f, -2*i - 12 = -4*i - f. What is the units digit of i?
6
Let w be -1 - 5/(10/4). What is the tens digit of (-1)/w + 192/18?
1
What is the units digit of (3 + -4)/1*-3?
3
Suppose 48 = 3*j - 21. What is the tens digit of j?
2
Let i = 6 + -15. Let j = i - -11. What is the units digit of j?
2
Suppose -4*y + 3*m + 114 = -59, -m - 42 = -y. Let a = -18 + y. Suppose -1 = 4*u - a. What is the units digit of u?
7
Suppose -19 = f + 5. Let j = f + 43. What is the units digit of j?
9
Let r = 85 + -17. Suppose 5*p - r = -2*u, 4*p = p - u + 40. Suppose 2*a - p = -0. What is the units digit of a?
6
Suppose i + 10 = 6*i. Suppose -2 = p + v, 2*p + 0 = v + 2. Suppose 5*n + 0*x - 2*x - 26 = p, -i*n + 6 = -3*x. What is the units digit of n?
6
Let k(c) = -51*c - 1. What is the units digit of k(-1)?
0
Suppose -3*o - 9 = -r - o, -5 = o. What is the units digit of ((-2)/(-6))/(r/(-24))?
8
Suppose 4*r - 507 = 241. Suppose -5*w + r = 32. What is the units digit of w?
1
Let g(b) = -b**3 - 3*b**2 + b - 3. Let t be g(-3). Let d(o) = -o + 3. Let h be d(-9). Let c = h + t. What is the units digit of c?
6
Suppose -14 = -3*s + q, 5*s - 2*q = -7*q - 10. Let g be (3 - (3 - 1))*s. Suppose 2*l + 2 + 1 = g*d, -l = 0. What is the units digit of d?
1
What is the tens digit of 1719/5 - (-18)/15?
4
Suppose 0 = 4*p - 80 - 220. What is the units digit of p?
5
Let t(r) = -r**2 - 8*r - 7. Let m be t(-8). Let n(l) = -l**2 - 6*l + 9. Let v be n(m). Suppose v*g - 4*j = 36, g - j - 63 = -4*g. What is the units digit of g?
2
What is the units digit of (-8)/(-1 + -3) + 3?
5
Suppose -k = 2*q - 46, -2*k = k. What is the tens digit of q?
2
Let l(i) = -2*i. Let d be l(-3). Suppose -d*p = -p - 100. Suppose -5*o + p = 0, 5*m - 13 = o + 18. What is the units digit of m?
7
Let u(a) = 3*a**2 - 4*a + 4. What is the units digit of u(9)?
1
Suppose -f + 0 = -4*z + 12, -z - f = -3. Suppose 2*p - 2*t - 42 = 0, -2*p + 42 = -0*p + z*t. What is the units digit of p?
1
Suppose 0*n = 4*n - 4*s - 32, 2*n + 5*s = -12. Suppose 20 = -n*b - b, 0 = 2*r + 3*b + 8. What is the units digit of r?
2
Let o = -13 + 18. Suppose -2*v = -6*v - 3*r + 17, -2*v + 3*r = o. Suppose -v*f = 3*i - 17, 3*i = -4*f + i + 22. What is the units digit of f?
4
Let i be (-4)/6 - (-580)/15. Let r = i - 24. What is the units digit of r?
4
Suppose -3*g + 134 = -94. What is the tens digit of g?
7
Let j = -4 - -6. Suppose -3*h + 0 + 12 = -j*f, 5*h - 20 = 2*f. Suppose -10 = -5*k - f, -p = -3*k + 1. What is the units digit of p?
5
Let t be ((-4)/(-3))/((-6)/18). Suppose r + 3*o - 4 = 0, r - 2*r + 2*o = 6. What is the units digit of (1/r)/(1/t)?
2
Let q(z) = -6*z - 3. Suppose -3*u = 12 - 3. What is the tens digit of q(u)?
1
Let f be (-2)/(-12) - (-43)/(-6). Let b = f - -9. Suppose -3*z + 1 = -b*z - 3*d, 5*z - 2*d - 18 = 0. What is the units digit of z?
4
Suppose 5*j - 22 = 3*j. Let k be 4/(-6) - (-14)/(-6). Let p = j + k. What is the units digit of p?
8
Let k(s) = 6*s - 1. What is the tens digit of k(7)?
4
Let p(h) = -h**2 + 6*h + 4. Let g be p(7). Let z = 13 - 8. Let u = z + g. What is the units digit of u?
2
Let h = 12 - -10. What is the tens digit of h?
2
Let h(v) = v**3 - 3*v**2 - 5*v + 8. Let u(y) = y + 10. Let d be u(-6). What is the units digit of h(d)?
4
Let x = 1 + -4. Let v(q) = q**2 + q + 2. Let t(z) = z**2 + 1. Let a(y) = 2*t(y) - v(y). What is the tens digit of a(x)?
1
Let f be (-4)/(3 - (0 + 2)). Let h(y) = -y**3 - 6*y**2 + 2*y + 3. Let a be h(-6). Let i = f - a. What is the units digit of i?
5
Suppose -5*p - 54 = -v - p, -156 = -4*v - 4*p. Suppose 4*i = v + 54. What is the tens digit of i?
2
Let w be (1 - 2 - 9)/(-1). Suppose -7 = 5*d + 3*n - 64, -d - 3*n + 9 = 0. What is the units digit of 25/w*d/10?
3
Let k(l) = l + 0 + 0 - 1. Let b be 2/(-16) - (-51)/24. What is the units digit of k(b)?
1
Let s = -19 - -32. What is the units digit of s?
3
Suppose -2*n - 3*r = -389, -2*n + 6*n - 767 = 5*r. What is the tens digit of n?
9
Let t = 4 + -2. Suppose -2*b = t*b - 32. What is the units digit of b?
8
Suppose -m